- 5 + 0 - 10*x - 3. Calculate r(7).
-27
Let v(h) = 11 + 3*h**2 + 20*h - 6*h + 7 - 13 - 2*h**2. Calculate v(-13).
-8
Let y(b) be the first derivative of -1/3*b**3 - 9*b - 1 + 8*b**2. Let t be y(15). Let j(x) = x - 8. Determine j(t).
-2
Let n(x) = -x**2 + 6*x + 7. Let d be n(0). Let c(j) be the first derivative of -3*j**2 + 1/3*j**3 + d*j - 3. Calculate c(5).
2
Let t(s) = s**3 + 8*s**2 + 8*s. Let q(a) = -10*a + 8. Let l be q(-2). Let o be (l/(-8))/(1/2). Give t(o).
-7
Let n(g) = 7 + 8*g + 20*g**2 + 16*g**2 - 2*g - 37*g**2. Calculate n(5).
12
Let b(n) = n - 21. Suppose 31 - 31 = -26*x. Calculate b(x).
-21
Let a be 12/(-14) + (-12)/(-14). Let m(l) = l**3 + l - 19. What is m(a)?
-19
Let i(r) = 6*r - 17. Let u be i(3). Suppose -2*t + u - 13 = 0. Let x(d) = d**3 + 6*d**2 - 2*d - 1. Determine x(t).
11
Let x(n) = -n + 1. Let c be x(-7). Suppose 7*d = c*d. Let h(f) = 1 - f + 5 + d*f + 2*f. Determine h(-6).
0
Let x(f) = -155*f - 10 - 28 + 159*f. Calculate x(11).
6
Suppose 3*u + 12 = 5*o, -2*o = -4*u - 3 + 1. Let h(p) = -p - 1. Calculate h(o).
-4
Let s(d) = 3*d**3 + d**2 - d. Let m = -61 - -25. Let h = m + 37. Determine s(h).
3
Let t(o) be the third derivative of -5*o**4/24 + o**2. Suppose -3*p = v - 38, -2*v = p + 4*p - 73. Let f = v - 30. What is t(f)?
5
Suppose 0 = -5*p - 5*a + 35, -31 = -4*a - 11. Let k(r) = 0*r + 7 - r + 5*r - p*r. What is k(-6)?
-5
Let g(s) be the third derivative of -s**6/60 + s**4/12 + s**3/6 + s**2. Suppose 4*h - 2*h = 30. Let z = 14 - h. Give g(z).
1
Suppose -2*q + i = -0*i - 34, 2*q + 4*i = 14. Suppose 2 = 4*a + 10, -k + 5*a = -q. Let t(z) = -z**3 + 4*z**2 + 4*z + 1. Calculate t(k).
-4
Let b(q) be the second derivative of -q**5/20 - q**4/4 - q**3/6 - q**2/2 + 4*q. Suppose 5*s + 23 = -2*p, 2*s - 5*p - 6 = 8. Determine b(s).
2
Suppose 4*u + 22 = 15*u. Let c(p) = 2 + 11 + 13*p - 21*p - p**u. What is c(-10)?
-7
Let n(i) be the first derivative of -i**2/2 - 2*i - 716. Let m = -3 - -7. Suppose -5*j + 40 = 3*g, 0*g + 2*g = m*j - 10. Determine n(g).
-7
Let l(z) = z**3 + 6*z**2 - 6*z. Let y = -40 - -42. Suppose -45 = 5*t - 5*w, t + 2*w + y*w = 1. Calculate l(t).
-7
Let n(p) = -p**3 + 7*p**2 + 11*p - 8. Suppose 3*t = -5*b + 100, 87 = 4*b - t + 2*t. Suppose -26*c + 24 = -b*c. Calculate n(c).
16
Let t(w) = -w**2 - 5*w - 3. Let k = 100 - 103. Calculate t(k).
3
Let z be ((-10)/(-25))/((-5)/125). Let k(b) = -b**3 - 11*b**2 - 8*b + 15. Determine k(z).
-5
Let i(m) = -222 - 2*m + 7*m + 221 + 2*m + 4*m. Determine i(3).
32
Let b(r) = -17*r + 2*r**2 + 18*r - 2*r**2 - r**2 + 0 - 1. Suppose -10*x = -x. Give b(x).
-1
Let m(v) = -10*v - 16. Let i(x) = 5*x + 10. Let o(r) = 7*i(r) + 4*m(r). Give o(5).
-19
Let m(n) = 2*n + 20. Let b be m(-10). Suppose 2*c - 279 + 279 = b. Let s(o) = -o**2 + 1. Determine s(c).
1
Let y(i) = 2 - 7 + 2 + 3*i - 2*i. Let j(f) = 2. Let t(k) = -5*j(k) - 3*y(k). What is t(1)?
-4
Let r(g) = g + 1. Let t(i) be the first derivative of -i**2 - 3*i - 23. Let a(j) = -4*r(j) - t(j). What is a(-2)?
3
Let c(s) be the first derivative of -3*s**2/2 + 6*s - 25. Give c(4).
-6
Let p(a) = 6*a. Let g be ((-32)/56)/((-2)/(-21)*-3). Give p(g).
12
Let r(i) = -i**3 + 2*i**2 + 6*i - 3. Let p be r(4). Let l = -9 - p. Let v(c) = -l + 4*c + 5 - 2 - 3. Calculate v(2).
6
Let l(c) = -c + 4. Suppose 59*o - 339 = -44. What is l(o)?
-1
Let p(s) be the third derivative of s**4/24 - 2*s**2. Suppose 0 = -9*j + 122 + 139. Suppose j*a - 34*a = -15. Determine p(a).
3
Let r = 366 - 358. Let n(d) = -d**2 + 6*d + 3. Determine n(r).
-13
Let y = 64 - 57. Let s(w) = w**2 - 8*w. Give s(y).
-7
Let l(b) = b**2. Let m(k) = -2*k**2 + 5*k - 4. Let h(u) = l(u) + m(u). Let n be -2 - ((-5 - 1) + 0). Give h(n).
0
Let q(v) = -4*v + 5. Let g be q(-3). Let t be (-12 + g)*(-2)/(-5). Let x(l) = -l**2 + 108*l - 2*l**t - 107*l. What is x(1)?
-2
Let v(k) be the second derivative of k**3/6 + 3*k**2/2 - 3*k. Let z = -24 - -18. What is v(z)?
-3
Let n(r) be the third derivative of r**7/168 + r**6/180 - r**5/120 - 23*r**3/6 - 3*r**2. Let o(c) be the first derivative of n(c). Determine o(1).
6
Let w(p) = p + 1. Let v be (-18)/45 + 3/(-5). Let r(k) = -2*k - 7. Let n(i) = v*r(i) - 6*w(i). What is n(-1)?
5
Suppose 4*y - 11 = 5*z, 2*z + 0*y - y = -2. Suppose 0 = -10*n + 5*n + 2*t + z, -5*n = 3*t - 11. Let v(b) = -14*b. Calculate v(n).
-14
Suppose 0 = h + 5*a - 22, 20 = 4*h - 4*a + 4. Let n(g) = 9*g - 3 + h - 10*g. Give n(5).
-1
Let a(k) = 2*k + 1. Let h(i) = i. Let u(q) = a(q) - h(q). Let v(z) = 4*z + 16. Let x(y) = 3*u(y) - v(y). Calculate x(-6).
-7
Let v = 11 - 9. Suppose -2*c + 4 = v*c + 5*f, 3*c - 3 = 3*f. Let d(z) = -z**2 + z + 1. Let w(g) = 5*g**3 - g - 2. Let u(t) = 2*d(t) + w(t). Calculate u(c).
4
Let z(m) be the first derivative of 3*m**2/2 - 30*m - 610. Give z(14).
12
Let f(d) be the third derivative of -d**5/60 + 7*d**4/24 + d**3/3 - 127*d**2. What is f(5)?
12
Suppose 12 = 2*x + 4*x. Let j(f) = 5 - 67*f + 30*f + 29*f + f**x. Determine j(5).
-10
Let m(l) be the first derivative of -l**2/2 - l + 1. Let s(u) = -u**3 + 3*u**2 + 2*u - 2. Let g be s(3). Suppose 2*t - c = g*c, 3*c = 0. Determine m(t).
-1
Let j(y) = 22*y**3 + y - 1. Let b be (46/(-2))/(-1 - -2). Let d = b + 24. Calculate j(d).
22
Let d be (-6)/(-16) + 145/40. Let c(r) = d*r**2 - 5 + 3 - 7*r + 4. Let h(v) = 7*v**2 - 14*v + 3. Let p(s) = 5*c(s) - 3*h(s). Give p(7).
1
Let j = -16 + 19. Let m(h) = -4*h - 6 + 8 + 3 + j*h. Determine m(6).
-1
Let f(x) = x**2 + 4*x - 6. Let b be f(-6). Let h(i) = 48*i + 22. Let r(j) = -14*j - 7. Let d(s) = -2*h(s) - 7*r(s). Determine d(b).
17
Let t(j) = 4*j**2 - 9*j - 20. Let g(r) = -r**2 + 2*r + 5. Let u(p) = 9*g(p) + 2*t(p). What is u(-4)?
-11
Let g(j) be the first derivative of 2*j**2 + 8. Let c(k) = -6*k. Let r(w) = 5*c(w) + 7*g(w). Determine r(5).
-10
Let l be (6/2 + (-1 - 3))/(-1). Let k be (l - 0)*(-1 + 8 - 0). Let p(n) = -n**3 + 7*n**2 - 2*n + 8. What is p(k)?
-6
Let m(w) be the third derivative of -5*w**4/24 + 3*w**3/2 - 49*w**2 - 1. Give m(6).
-21
Let d(l) = -l**3 + 4*l**2 - 7*l + 2. Let u(c) = -25*c**2 + 52*c - 1. Let s be u(2). Give d(s).
-10
Let b = -175 + 169. Let o(l) = 2*l**2 + 5*l + 3. What is o(b)?
45
Suppose u + 2*u - 9 = 0. Let r(c) = c**2 - 1 + 0 - c + u*c. Let b be -1*(-15)/(-20)*16/(-6). Calculate r(b).
7
Suppose -4*b - 2*v - 10 = -0, 0 = 3*b - 5*v + 40. Let u(f) = -2*f - 4. Determine u(b).
6
Let r(n) = -n**3 + 3*n**2 + 8*n - 5. Suppose -c = -0 + 1. Suppose -x - 6 = -0. Let f(o) = -o**2 - o + 1. Let b(g) = c*r(g) + x*f(g). What is b(-3)?
5
Let w(i) = -4 - 7*i**2 - 17*i + 22*i - i**3 + 8 + 3*i**2. Determine w(-4).
-16
Let q(n) = -n**3 + 3*n**2 + 5*n - 2. Let b be (-1)/4 - 51/(-12). Let s(y) = -2*y + b + 3 + y - 3. Let u be s(0). What is q(u)?
2
Let y = 22 + -46. Let p = y + 29. Let b be (1 - p/15)*-6. Let m(g) = -2*g**2 - 6*g - 2. Give m(b).
-10
Let y(v) = -10*v**2 + v**3 + 16 - 7*v**2 + 3*v + 0*v**2 - 2*v**2 + 30*v**2. What is y(-11)?
-17
Let m(s) = -s**2 - 1. Let j be (-3)/((-9)/(-6))*-1 - 10. Let t(v) = v + 5. Let z be t(j). Determine m(z).
-10
Let d(c) = c**3 - 5*c**2 - 12*c - 18. Let w be d(7). Let s(u) = u**3 + u**2 + u + 1. Let p(m) = -5*m**3 - 3*m**2 - 9*m - 7. Let j(g) = p(g) + 6*s(g). Give j(w).
-5
Suppose -35 - 25 = -10*f. Let d(w) = -w**2 + 8*w - 4. What is d(f)?
8
Let p(f) be the second derivative of -f**3 - f**2/2 + 2*f. Suppose -2*r + 8 = 2*r - 4*d, 5*r = 3*d + 6. Suppose r = -3*x + 2*x - 1. What is p(x)?
5
Suppose 2*i = h - i + 18, -3*i + 24 = -2*h. Let r(d) = 2*d + d - 1 + 2. Determine r(h).
-17
Let b(n) be the first derivative of -n**5/20 + 5*n**4/12 - n**3/6 - 24*n + 24. Let q(f) be the first derivative of b(f). Determine q(5).
-5
Let z = -14 + 17. Let f be -3 + z + 0/1. Let y(n) = 3*n + f + 0. Give y(2).
6
Let g(v) = -v**2 + 4*v + 6. Let h be (-68)/60 - 2/(-15). Let t(j) = -j. Let y(z) = z. Let m(f) = -2*t(f) - 3*y(f). Let c(r) = h*m(r) + g(r). Calculate c(5).
6
Let y(r) = 26*r + 166*r**2 - 335*r**2 + 168*r**2 - 4 - 41*r + 23*r. Let t = -12 - -20. What is y(t)?
-4
Let x = -259 - -261. Let i(k) be the second derivative of 0 + k**2 - 1/6*k**3 - x*k. What is i(-4)?
6
Suppose -5*c - 1 = -x - 2, 4*c = 2*x - 4. Let r(w) = 2*w + 4*w**2 + 5*w**3 + 0*w**3 - 4*w**3 - 3*w + c. Let l = 133 + -137. Give r(l).
5
Let p(u) be the third derivative of -u**6/120 - u**5/20 - u*